c = g*a + 3 + 16. Let n(m) = m**2. Let f(o) = -3*o**2 + 5*o + 1. Let y(d) = f(d) + 4*n(d). Calculate y(a).
1
Let o(h) = -h**3 + 9*h**2 - h + 11. Let i be o(9). Suppose -4*t + 2*k = 3*k, -3*k - 10 = 2*t. Let q(s) = 5*s**2 - 2*s + s + 2 - i + t. What is q(1)?
5
Let p(u) = -29*u + 2. Suppose -c - 1 = 0, t + 4*c + 11 = 8. What is p(t)?
-27
Let z(q) = -2*q - 2 - 8*q + 7*q + 0*q. Give z(-2).
4
Suppose x - 2*x + c = 14, -2*x - c - 13 = 0. Let t be ((-3)/x)/(3/(-27)). Let n(i) = 4 + 6*i**2 + 0 + 4*i - 2*i**2 + i**3. Calculate n(t).
1
Let h = -15 + 17. Let s be 3*h - (-3)/(-3)*-1. Let g(c) = c**2 - 7*c. Give g(s).
0
Suppose 0*v = 2*v - 6. Let q(l) = -6*l**2 + 7*l**2 + v + 7 - 8*l. Determine q(7).
3
Let j be (-6)/21 - 932/(-28). Let x = j + -27. Let i(v) be the second derivative of v**5/20 - 7*v**4/12 + 5*v**3/6 + 3*v**2 - v. Calculate i(x).
0
Let h be (-2)/(-3) + (-2030)/174. Let s(n) = -n + 3. Determine s(h).
14
Let f(w) be the first derivative of 0*w + 4/3*w**3 - 1/24*w**4 + 1/120*w**5 - 1 + 0*w**2. Let s(k) be the third derivative of f(k). What is s(2)?
1
Suppose -3*k = 4*m + 4, 3*m - 17 = 3*k + 1. Let b(o) = 2*o + 2 - 5 - 3 + o**m. Determine b(-5).
9
Let d(i) = -4 + 1 + 0 - i + 1. Let p(y) = -y**2 - 8*y + 12. Let a be p(2). Calculate d(a).
6
Let v(i) = -3*i**2 - 4*i - 10. Let x(n) = -7*n**2 - 7*n - 17. Let b(h) = 5*v(h) - 3*x(h). Determine b(-1).
6
Let z = -6 + 9. Let k(t) = 0 + 4*t - 4*t**2 - 6*t**3 + 7*t**z - 1. Let a be k(3). Let c(r) = -3*r - 2. Give c(a).
-8
Let t(v) = v**3 - 7*v**2 + 12*v - 10. Let s be t(5). Let k(i) be the first derivative of -i**2/2 + 14*i - 10. What is k(s)?
14
Suppose w + 5*d = -16, 4*w = 18*d - 14*d + 32. Let h(q) be the second derivative of w*q - q**2 + 1/3*q**3 + 0. Determine h(-2).
-6
Suppose -16*a + 20*a + 28 = 0. Let j(s) = 5*s + 10. Let q(z) = -2*z - 5. Let g(n) = a*q(n) - 3*j(n). Determine g(8).
-3
Let p(k) be the third derivative of 10*k**2 - 1/2*k**3 + 0*k - 1/24*k**4 + 0. What is p(-6)?
3
Let u(g) = g**3 - 14*g**2 - 5*g - 16. Let n(d) = -d**3 + d**2 + d - 1. Let p(b) = 2*n(b) + u(b). What is p(-12)?
18
Suppose -6*d + 15 = -21. Let j(q) = 4 + d - 3 + 0 - q. Calculate j(7).
0
Let b(g) = -4*g + 2 + 92*g**2 + 7*g - 94*g**2. Calculate b(-2).
-12
Let m(p) = -2*p + 2. Suppose 0 = 4*z - z + b - 8, -4*z = -5*b + 2. Let h be ((-132)/154)/(z/(-7)). Determine m(h).
-4
Suppose 2 = 4*a - 2*q, -2*q + 1 - 7 = 0. Let n(b) = -6*b - 3. Let z(x) = 18*x + 10. Let y(r) = -10*n(r) - 3*z(r). Determine y(a).
-6
Suppose 3*b = -4*q + 4, b - 4*q - q - 14 = 0. Let m(d) = d**3 - 4*d**2 - 2*d - 3. What is m(b)?
-11
Let k(o) = o + 1. Suppose -5*u + 11 = 2*m, 12*u + m = 13*u + 2. What is k(u)?
2
Let s(v) = v - 12. Suppose 2*a - 22 = 2*o, 11*o - 4 = a + 15*o. Calculate s(a).
-4
Suppose 6*j - 298 = 554. Let w = j - 148. Let k(i) be the second derivative of i**4/12 + 5*i**3/6 - 5*i**2/2 - i. What is k(w)?
1
Let g(u) = -10 + 34*u - u**2 - 47*u + 14. What is g(-11)?
26
Let r(d) = 0*d**2 - 5 + d**3 - 6*d - 5*d**2 + 0*d**2. Let n = -9 - -4. Let u = 1 - n. Calculate r(u).
-5
Let a(y) = 3*y**3 - 6*y**2 + 11*y - 2. Let i(c) = -c**3 - c**2 - c + 1. Let r(d) = -a(d) - 2*i(d). Suppose 3*k + 3*p = 45, 32*k - 37*k + 43 = p. Calculate r(k).
-14
Let o(v) be the third derivative of v**5/60 - 7*v**4/24 + v**2. Let y = -143 + 149. Calculate o(y).
-6
Let l(u) be the first derivative of u**5/120 + u**4/4 + u**3 + 6. Let s(h) be the third derivative of l(h). Let v = -8 - 0. What is s(v)?
-2
Let y = 769/12 - 64. Let i(c) be the second derivative of -8*c + 1/2*c**3 - y*c**4 + 2*c**2 + 0. Give i(3).
4
Let j(y) = -4*y + 4 + 5*y + 5*y + 0 - 3. Let i be (-1)/2*(-18)/(-3). Calculate j(i).
-17
Let m(o) = -o**2 - 16. Suppose 0 = v - 0*v - 15. Let b = -8 + v. Suppose -3*f = -b*f. Calculate m(f).
-16
Let a(x) = 2*x - 9. Let z be 4 - 6 - 4/(-8)*4. Determine a(z).
-9
Let m(f) = -f**2 - f - 5. Suppose 4*a - 11 = 3*j, -j + 14 = 2*a + 1. Suppose 3*z = -0*z + j. Let n be (0/(3 + 0))/z. Determine m(n).
-5
Let d(i) = i + 5. Let a = 26 + -19. Let w be (4 - a)*(-44)/(-3). Let q be (-1)/((w/24)/(-11)). Determine d(q).
-1
Let m(l) = -l + 7. Suppose 30*d = 16*d - 70. What is m(d)?
12
Let d(y) = y - 9. Let x = 79 + -71. Calculate d(x).
-1
Suppose -v - 4*v = 0. Suppose v = 4*g - 41 - 11. Let h(u) = 14 - 9*u**3 - 2*u**2 + 2*u + 4*u**2 - g. What is h(-1)?
10
Let h be (2/2)/((-10)/(-30)). Let p(t) = 11*t**2 - 2*t**3 + 3 + 3*t**h - 6*t**2. Let v be (-6)/(-2) - (1 + 7). What is p(v)?
3
Let w be (-7)/49*1*7. Let o(f) = -6*f + 1. What is o(w)?
7
Let q(z) = -z + 3. Suppose -4*f + 47 = 5*s, -s + 36 - 14 = 5*f. Give q(s).
-4
Suppose -4*j + 3 + 6 = -b, -25 = 4*b - 5*j. Let w be 7 + -4 + -1 - b. Let x(k) = 1 - w*k**2 - 3 + 3. Calculate x(-1).
-6
Let y be 2/1 - (-7 - 9). Let p = -18 + y. Let c be 8*(1 - p)*-1. Let u(l) = l**3 + 7*l**2 - 7*l + 7. Determine u(c).
-1
Let b(q) = 3*q**3 - 1 + 2*q**2 - 2*q**3 - 7*q**2 - 7*q. Let y(i) = -i - 33. Let k be y(-11). Let o = k - -28. Determine b(o).
-7
Suppose -5*z + 33 = 4*k, 3*z - 4*k + 2 - 9 = 0. Let n(g) be the second derivative of -1/2*g**2 + 0*g**3 - 1/2*g**4 - 1/20*g**z + 0 - 4*g. Give n(-6).
-1
Suppose -g = h + 4*h - 19, -5*g - 2*h + 26 = 0. Let i(c) = 37*c**2 - 70*c**2 + 34*c**2 - g. What is i(-3)?
5
Let n be (-32)/(-240) - 58/(-15). Let d = 5 - 5. Let x(m) = d*m - 2 + 3 - m. Calculate x(n).
-3
Let w = -383 - -379. Let q(d) = -5*d - 6*d**2 + 5*d**2 - 2 + 3*d - 3. What is q(w)?
-13
Let y(m) = 22*m + 48*m - 11 + 3 - 67*m. Calculate y(-8).
-32
Let p(g) = 4*g - 9. Suppose -78*l + 97*l - 76 = 0. Give p(l).
7
Suppose p + p = 0. Suppose -34*b + 40*b - 36 = p. Let w(d) = -d + 3. Calculate w(b).
-3
Let y(b) = -3*b**3 + b. Let a = 335 - 334. Determine y(a).
-2
Let p(c) = -22*c - 5. Let d(a) = 4*a + 1. Let i(m) = -6*d(m) - p(m). What is i(1)?
-3
Let l(f) = -7*f**3 - f**2 + f + 1. Suppose 26*q = 25*q + 25. Suppose 5*a = q, -5*o + 2*a + 15 - 5 = 0. Let x be (-3)/6*o/2. Calculate l(x).
6
Suppose -4*v - 1 = 5*s, -3*s - s = -v + 5. Let x be -4 + 8 - v - 4. Let i(r) = -5*r**3 + r**2 - 1. Determine i(x).
5
Let u(d) = 3*d**2 - 5*d - 4. Let j = 2444 - 2445. Give u(j).
4
Let o be 2/(-2)*(1 - 1). Let n(l) = -7 - 2*l + 7 + 3 + 3*l. Calculate n(o).
3
Let q(o) = 2*o**3 + 3*o**2 - o + 2. Let d(t) = -5*t**3 - 6*t**2 + 2*t - 5. Let b = 2 + 7. Let p(j) = b*q(j) + 4*d(j). What is p(2)?
-8
Let i = -89/6 + 15. Let a(k) be the second derivative of -4*k + 0 + i*k**3 - 1/2*k**2 - 1/20*k**5 + 1/2*k**4. Give a(6).
5
Let o be (-4)/(-2)*9/(-6). Let i(a) = 4*a + 4. Let f(w) = -5*w - 5. Let m(k) = -2*f(k) - 3*i(k). Determine m(o).
4
Let y(z) be the third derivative of z**6/120 + z**5/15 + 5*z**4/24 + z**3/2 + 7*z**2 + 3*z. Let v(b) = -3*b**2 - b + 1. Let h be v(1). Give y(h).
-3
Let x(q) = -q - 1. Suppose -11 = -3*g + 1. Suppose -2*u + 4 = -g*u - o, 3*o + 4 = 2*u. Determine x(u).
0
Let x = 695 + -691. Let m(d) = d**2 + 4*d - 2. Calculate m(x).
30
Let r(o) = -o - 1. Let h = 1209 - 1216. Give r(h).
6
Let f(i) = -i**3 + 3*i**2 - 4*i. Let g be f(2). Suppose -4*b - 1 + 9 = 0. Let y(n) = 4*n - n**2 + 0*n**b + 6 - 2*n. Calculate y(g).
-18
Suppose 15*k = 52*k - 185. Let i(j) = j**3 - 5*j**2 + 4*j - 2. Give i(k).
18
Let w(t) = 23*t**2 + 7*t + 3. Let d(h) = -50*h**2 - 15*h - 6. Let u(n) = -6*d(n) - 13*w(n). Give u(-4).
17
Let m be ((-8)/(-10))/((-4)/(-10)). Let q(k) = -12 + 9 + 7*k + k**m - 3*k. Give q(-3).
-6
Let w(t) = 3*t**2 + 4*t - 2. Let p(l) = 6*l**2 + 9*l - 4. Let a(i) = -3*p(i) + 7*w(i). Determine a(2).
12
Let g(l) = 2*l - 4. Let b(o) = 4*o**2 + 0 + o**3 + 5*o**2 + 7*o - 6. Let r be b(-8). Let f be g(r). Let p(a) = a**2 - 11. What is p(f)?
-11
Let t = 3 - 7. Let m(f) be the second derivative of -f**4/6 - f**3 - 20*f**2 + 27*f. Let y(n) be the first derivative of m(n). Determine y(t).
10
Let t = -3 - -1. Suppose 5*l = 3*s + 7 + 7, -s - 5*l + 22 = 0. Let c(x) = -38 + 4*x - 3*x**s + 2*x**2 + 41. Calculate c(t).
-9
Let o(f) = f**2 + 5*f - 5. Let q be o(-6). Let x(a) = 2. Let t(m) = -m + 1. Let k(y) = q*x(y) - 2*t(y). Calculate k(1).
2
Let i(s) = -s**2 - 2*s. Let z(g) = -2 + 1 + 2*g + 17. Let y be z(-10). What is i(y)?
-8
Suppose -2*l + 0*l + 4 = 0. Suppose k - 5 = l*k. Let s(y) = -4*y**3 + 9*y**2 + 8. Let j(w) = -w**3 + w**2 + w + 1. Let b(p) = 5*j(p) - s(p). Calculate b(k).
-3
Let s be ((-50)/150